+ 7 = 15. What is the highest common divisor of 6 and r?
2
Suppose -4*v = -5*t + 55, -5 = 5*v - 4*v. Suppose -3*q = -4 + 16, -4*q + 1384 = 5*d. Suppose -3*n + 7*n = d. What is the highest common factor of n and t?
7
Let f be (-21)/15 + (-2)/(-5). Let w = 9 + f. Calculate the greatest common factor of w and 64.
8
Let d = -4 - -6. Suppose d + 1 = z. Suppose -z*i - 4*x = -635, 4*x = -4*i + 292 + 552. What is the highest common divisor of 19 and i?
19
Let n = -100 + 188. What is the highest common factor of n and 8?
8
Suppose o + o - 1 = h, 26 = 4*h - 2*o. Suppose -v - 2*v + h = 0. Let x = 1 + v. What is the highest common factor of x and 20?
4
Suppose -21 = -4*z - 9, -2*z = i - 8. Suppose -2*p + 46 = -p + i*v, -5*p - v = -257. What is the greatest common factor of 26 and p?
26
Let f(b) = 1 - 6*b**2 + 0 - b**3 - 9*b - 7. Let s be f(-6). Suppose 5*g + 5*a = 160, -4*g - a = -0*a - 128. What is the highest common divisor of s and g?
16
Let o(j) = 3*j**2 - j + 0*j**2 + 3*j + 5. Let q be o(-4). Suppose 0 = 2*v - 9 - 1. Calculate the greatest common factor of v and q.
5
Let y(f) = -3*f + 3. Let r be y(-4). Let j be 80/(-6)*(123/(-12) + -1). What is the greatest common divisor of j and r?
15
Suppose -3*m + 0*x - 2*x = -134, -2*x + 230 = 5*m. Calculate the greatest common divisor of 32 and m.
16
Suppose 2*r + 49 = 5*j, -6*j + 5*r + 40 = -j. Calculate the greatest common factor of 22 and j.
11
Suppose 0 = -3*f + 12, -4 + 15 = -j + 3*f. What is the greatest common factor of j and 3?
1
Let l = 6 - 0. Suppose 5*s = 4*m + 1 + 1, -4*m + l = -s. Let i be -12*((-2)/6 - s). What is the greatest common factor of 14 and i?
14
Let w = -76 + 83. What is the greatest common divisor of 28 and w?
7
Suppose 0 = k - 2*k + 10. Let j be 220*((-10)/(-4) + -2). Calculate the highest common divisor of k and j.
10
Let h = 48 - 103. Let v be 808/6 + (-3)/(-9). Let p = v + h. Calculate the greatest common divisor of p and 16.
16
Let a be 3/(45/(-48) - -1). Suppose 0*n - a = -3*n. Let t be ((-8)/(-6))/((-2)/(-6)). What is the highest common divisor of n and t?
4
Let k(d) = 0*d**2 + 4 - 2 + 31*d**2 + 0. Let j be k(2). Calculate the highest common factor of j and 14.
14
Let b(o) = -o**2 - 8*o - 6. Let v be b(-5). Let z = v + -9. Suppose -4*p + 10 + 6 = z. Calculate the highest common divisor of 8 and p.
4
Suppose 13*o = 6*o + 315. What is the greatest common factor of o and 18?
9
Let i = -61 + 96. Suppose 3*m + 47 = -4*a - 2*m, 5*m - 7 = -a. Let q = 32 + a. What is the greatest common factor of i and q?
7
Suppose 0 = 4*b, -m + 5*b = 2 - 26. Let t(r) = 2*r - 5. Let v be (4/8)/((-2)/(-16)). Let y be t(v). Calculate the highest common divisor of y and m.
3
Let s(h) = -h**2 + 5*h + 6. Let b be s(6). Let j = 9 - b. Let w = -48 - -129. Calculate the highest common divisor of j and w.
9
Suppose -5*z + z + 160 = 0. Calculate the highest common divisor of z and 10.
10
Let r = 19 + -5. Let o = -20 + r. Let x be ((-4)/o)/((-4)/(-30)). What is the highest common factor of 5 and x?
5
Suppose 0 = 6*b - 11*b + 90. What is the highest common divisor of b and 12?
6
Let l(q) = q**2 - 3*q. Let g be l(7). Let n = -12 + g. Calculate the greatest common factor of 8 and n.
8
Let u = 50 + 10. Suppose -3*o + 37 = -5*b, b + 8 = 5*o - 17. Suppose -5*v - 40 = -2*m, -80 = -4*m + o*v + v. Calculate the highest common divisor of u and m.
20
Let n(u) = -u**3 - 19*u**2 - 25*u - 31. Let q be n(-18). Calculate the greatest common factor of q and 19.
19
Let r = 36 - 32. Suppose 7 = 2*q - 2*a - 5, 5*q + 4*a = 12. What is the greatest common divisor of q and r?
4
Let w be (32/6)/((-4)/(-30)). Suppose 3*z - w = o, -2*z - 2*o = -4*z + 28. Suppose 61 = s - 69. What is the highest common divisor of s and z?
13
Suppose g + 3*g - 60 = 0. What is the greatest common divisor of 135 and g?
15
Let j(u) = -9*u**2 + 4*u - 6. Let t(q) = -8*q**2 + 4*q - 5. Let s(v) = 5*j(v) - 6*t(v). Let x be s(-5). What is the greatest common divisor of x and 19?
19
Let h(t) = 38*t + 10. Let q be h(6). What is the greatest common factor of q and 34?
34
Let k(g) = g**2 - g + 104. Let a be k(0). Let z = 34 - 21. Calculate the greatest common factor of z and a.
13
Let i(w) = -w**2 + 26*w + 19. Let p(z) = -z**3 + 6*z**2 - 5*z + 2. Let o be p(4). Let s be i(o). What is the highest common factor of 17 and s?
17
Let x be (-1 + 0)/(3/(-6)). Suppose -3*w = 3*h + h - 17, w + 6 = h. Calculate the greatest common factor of x and h.
1
Let s = -23 - -39. Calculate the greatest common divisor of s and 32.
16
Let z be (1 - -2)/(9/(-6)). Let k be -2*1/z - 1. Suppose -4*a + 45 + 19 = k. What is the highest common divisor of a and 8?
8
Let d(g) = -g**2 + 10*g - 3. Suppose -15 = -3*o + 4*b, 0 = -2*b - b + 9. Let u be d(o). Let y = 41 + -23. Calculate the greatest common divisor of y and u.
6
Let z be 5*8 + (6/(-2))/(-3). Calculate the greatest common divisor of z and 123.
41
Suppose 4*o - 27 = 3*u, 0 + 4 = -4*u. Suppose 4*k = -3*b + 29, 0 = -b - 3*k + 11 + 7. What is the greatest common divisor of b and o?
3
Let i(j) = -15*j - 9. Let d be i(-7). Let a be (-4)/10 - 285/(-25). Let z = a - -1. Calculate the greatest common factor of d and z.
12
Let r(a) = -a**2 - 11*a + 16. Let j(c) = -c**2 - 7*c + 6. Let o be j(-9). Let y be r(o). Let q = 26 + -16. Calculate the highest common divisor of y and q.
2
Let u(i) = -i**2 - 5*i + 7. Let f be u(-4). Let z be 24 - 2 - -1 - 2. Suppose -3*x = 3*q - z, -q + 20 = -6*q. Calculate the highest common divisor of f and x.
11
Let n = -22 + 32. What is the greatest common divisor of 20 and n?
10
Suppose -6*f = -2*f - 80. Let v = f + -11. Suppose 4*t = 39 + 141. Calculate the highest common factor of v and t.
9
Suppose 3*y - 10*y + 70 = 0. Calculate the greatest common factor of 6 and y.
2
Suppose 0 = 2*b - 2*y + 6, 5*y = 15 + 10. Let s be (8 + 0)/(4/32). Suppose k - 5*k + s = 0. What is the greatest common divisor of b and k?
2
Let r(p) = -3*p + 8. Let m(f) = 3*f - 7. Let u(v) = 3*m(v) + 2*r(v). Let s be u(5). What is the greatest common divisor of s and 90?
10
Suppose -h = 3*q + 8 - 36, 3*h - 3 = 0. Let i be (1 + 0)*-1 + q. Calculate the highest common factor of 16 and i.
8
Let x = -5 - -13. Suppose 7*t - x*t = -19. Calculate the greatest common factor of t and 209.
19
Suppose 2*i - y = 275, 2*i - 5*y - 295 = -0*i. Calculate the greatest common divisor of i and 15.
15
Let b be 45/(-18) + 4 - (-1)/2. Calculate the highest common divisor of 18 and b.
2
Suppose 255 = 6*c + 63. Calculate the greatest common divisor of 4 and c.
4
Let j be (0 + (-4)/6)*-9. Suppose 4*o = -3*y - 9, o + 6 = 3*o - 2*y. Let a be -1*(1 - o)*-2. Calculate the highest common factor of a and j.
2
Let u(i) = 5*i**3 - 4*i**2 + 3*i - 2. Let l be u(3). Let s = l - 76. What is the greatest common factor of s and 6?
6
Let q(u) = u + 30. Let d be q(0). Calculate the greatest common divisor of 6 and d.
6
Let b = -7 + 18. Suppose -g = 3*k - 2, -3*g - 4*k + b = -0*g. Suppose 192 = g*a - 3*c, -2*a - 2*c = 3*a - 172. What is the greatest common factor of a and 6?
6
Let y = 14 - 9. Suppose -106 = -y*t + 14. Let i = t - 17. What is the greatest common factor of 49 and i?
7
Let x(l) = l**2 - l + 3. Let w be x(0). Let a = 23 - 11. Suppose -a = -2*p + 6. What is the greatest common divisor of p and w?
3
Suppose -756 = -3*t - 189. What is the greatest common divisor of 27 and t?
27
Suppose -26*l = -7*l - 798. What is the greatest common factor of 462 and l?
42
Let m be -1 - ((-4)/(-2) + -17). Let i be (3 + 0)*(0 + 1). Suppose 0 = -i*v + 277 + 17. What is the greatest common divisor of m and v?
14
Suppose -5*i = -0*i - 1555. Let u = -206 + i. Let l be u/6 - (-1)/2. Calculate the greatest common divisor of l and 72.
18
Let m be (-4)/(54/(-26) - -2). Calculate the greatest common factor of 13 and m.
13
Suppose 5*r - 135 = -5*l, -2*r + 3*r = 4*l + 17. Calculate the greatest common divisor of 5 and r.
5
Let d = 13 + -4. Let o be (-3)/((-9)/(-6)) + -2. Let s = -3 - o. What is the highest common factor of d and s?
1
Suppose -2*x = -x - 11. Let s = x - 8. Suppose 6 = b + s. Calculate the greatest common divisor of 15 and b.
3
Let o = 28 + -12. What is the highest common divisor of 40 and o?
8
Suppose -q + 900 = 3*q + 4*w, -5*q - 3*w = -1115. Let a be -6*(-2 + (-8)/6). What is the highest comm